- (31 - 36 - 32).
-10
(86 - 95) + -5 + 45
31
What is the value of 111 + -94 + (-2 - -2) + -9?
8
Evaluate (23 - 27) + (14 - (-2 + 0) - -1).
13
What is the value of 4 - (13 + 24 + -40)?
7
What is -409 + 404 - (-1 + -5)?
1
What is 3 + (14 - 30 - 1)?
-14
Calculate 336 + -330 + -17 + 1.
-10
Evaluate (2 - 1) + -58 + 58.
1
What is (-3 - -4) + 26 - (27 + 5 + -23)?
18
Evaluate -16 - (-14 + -38 + 15).
21
What is the value of 5 + 11 + -10 + -11 + 3?
-2
What is (-11 - (43 + -34 + 2 + -13)) + -2?
-11
What is (4 - (5 - 2 - 0)) + 82 + -78?
5
What is 13 + 14 + 7 - 26?
8
Evaluate (15 + 0 - -1) + (-807 - -779).
-12
What is the value of -5 - ((-13 - -14) + (1 - 3) - -2)?
-6
Calculate 11 + 15 + -6 - 12.
8
What is (21 - 29) + (8 - 5) + (1 - 5)?
-9
What is the value of 34 + -15 - (5 - 1) - -15?
30
Calculate (-27 - -4) + 2 + 4 + 8.
-9
Calculate -4 - (1 + 0) - (141 - 150) - -7.
11
13 + -1 + -263 + 243 - (-1 - -28)
-35
What is the value of -4 + 17 - (-25 + 30)?
8
Calculate 4 + 1 + -8 + 4 + -4.
-3
Evaluate (-4 - -7) + -10 + -1 - 6.
-14
Evaluate (4 - 3 - -1) + (6 - 1).
7
Calculate 14 - (4 + -15 + 15 - -7).
3
(-4 + 5 + 2 - 1) + 0
2
Calculate (2 - -7 - (2 - (0 - -3))) + -6.
4
-16 + (5 + 3 + 4 - (20 - 13))
-11
Calculate (6 - -1 - 4) + -14.
-11
Evaluate (-56 - 9) + 57 + (1 - (-1 - 0)).
-6
7 + (-33 - -28) + (-1 - 3)
-2
Evaluate (4 + -5 + 1 - (-14 + 9)) + -7.
-2
What is 14 + -40 + 10 - -21?
5
Calculate 39 - 32 - 3 - -22.
26
(-6 + 3 - 0 - 4 - 0) + -5
-12
1 + 9 + 48 + -56 + 0 + -19
-17
What is -592 + 617 + (8 - -1)?
34
Calculate (-31 - -36) + -45 + 28.
-12
What is 7 - ((18 - (10 + -1 - 6)) + 4)?
-12
What is 24 - (12 + 7 + (-6 - 4))?
15
What is -11 - -18 - (6 - 22)?
23
What is -19 + 2 + 7 + (24 - 27)?
-13
What is 46 - (-72 - -33 - -65)?
20
What is the value of -5 + 1 + (-10 - (-2 - 10)) + 17?
15
0 - ((-11 - (-16 - -5)) + 3)
-3
Evaluate 5 + 1 + -6 + -2 - (75 - 72).
-5
What is 2 + (-6 - (-18 + 25 + -2 + -2))?
-7
What is 1 - (-16 - (-3 + -3))?
11
Calculate (-12 + 0 - 12) + 22.
-2
What is 12 + -23 + -5 + 5?
-11
Calculate 25 + -14 + (-2 - 9) + -2.
-2
Evaluate -2 - (2 - (-4 - -2)) - (-94 - -103).
-15
Evaluate -3 + 27 - (47 - 35).
12
Calculate -2 + 11 - (0 - (7 - -3) - 4).
23
7 - ((51 - 19) + -63)
38
What is the value of -19 + ((12 - -18) + -6 - 16)?
-11
Evaluate 18 + (-2 - (10 - 11)).
17
What is 49 + -50 - (-3 - -17)?
-15
What is 10 + -2 - 9 - -7?
6
What is 5 - (3 - 0 - (-46 - -45)) - 7?
-6
Calculate (-14 + 2 - (19 + -34)) + 0.
3
Calculate 2 + -2 + 5 + -8 + 12.
9
(2 - (51 + -49 + 16 + -1)) + 1
-14
Evaluate (17 - 17 - -2) + -2.
0
What is (-15 - -11) + 1 - (5 + -11)?
3
Evaluate (-90 - -92) + (-11 - (0 + 1)).
-10
Calculate (-11 + -5 - (6 - 20)) + 10.
8
What is -21 - (-78 + 22) - 20?
15
(-1 - (-3 + (-7 - -1))) + 14 - 4
18
What is the value of -7 + (12 + -3 - 5)?
-3
What is -19 - -10 - -17 - -15?
23
What is the value of 0 + (4 - 1) - (-2 + 2 + -1)?
4
(-32 - (-21 + (9 - 3))) + 52
35
Calculate -11 - (1 - -10) - -13.
-9
Calculate (-2 + 0 + 0 - -8) + (15 - 34).
-13
Calculate -17 + -2 + 20 + (-6 - -1).
-4
Evaluate -6 + 5 + 19 - (6 - -2).
10
Evaluate (0 - 2) + (6 - -4) + -26.
-18
-11 - (-15 - -10 - 10)
4
What is 20 + -12 + -14 + 9?
3
Evaluate -20 - (0 + 11 + -23).
-8
Calculate 6 + 0 + (187 + -175 - (9 + 1)).
8
Calculate (-67 - -68) + 5 + -2.
4
Calculate 0 + 0 + 7 + -7 + 0 + -5.
-5
What is -6 + -1 + -39 + 35?
-11
Evaluate -2 + 1 + 14 + -27.
-14
(-8 - (5 + -8)) + 7 + -5
-3
Evaluate -39 - (16 - 62 - -29).
-22
What is the value of ((-3 - -11) + (-37 - -26) - -10) + -30?
-23
Calculate (-12 - 3 - 12) + 2 + -6 + 8.
-23
8 + (-4 - 1 - -9)
12
Evaluate (0 + -1 - 1) + -29 + (-28 - -44).
-15
What is 28 + (3 + -61 - -22)?
-8
Evaluate 8 + -2 - (-1 - -2) - (72 + -60).
-7
What is -4 + (-1 - ((-4 - -7) + -2)) + 22?
16
Evaluate 4 + -5 - (0 + 4 + 4 - 3).
-6
What is the value of 19 + -36 + 75 - 28?
30
What is 1 + 22 + -22 + (6 - 0)?
7
Evaluate 18 + (33 - (32 - -37)).
-18
What is the value of (19 - ((24 - 18) + 30)) + -10?
-27
What is the value of (17 - (17 - 1)) + 29?
30
Calculate 28 + -63 + -21 + 34.
-22
What is -70 + 73 + (-1 - 2)?
0
Evaluate 35 - (0 + 5 + 14).
16
Calculate 3 - -15 - (-165 - -188).
-5
-9 - -1 - (-110 - -83)
19
What is the value of (0 - -1 - 5) + 20 + (-16 - -14)?
14
What is (20 - (-8 + 9)) + -10?
9
What is the value of 1 - (-17 - -2 - (4 - (-2 + 10)))?
12
What is 0 + -6 + 9 + -8 + (9 - -9)?
13
What is the value of 1032 - 1057 - (-10 - (1 - (1 - 0)))?
-15
Evaluate -8 - (-2 + -10 + -4).
8
14 - (27 - (7 - -17))
11
What is 19 + -4 + -10 - -21 - (1 - -8)?
17
Calculate -35 - (-5 - 16) - -29.
15
-7 - (-3 - 12 - -15)
-7
Calculate -2 - (2 + -1) - (-4 - (12 + -13)).
0
Calculate -9 + (-5 - -1 - -2).
-11
Calculate -3 - 10 - ((-3 - -2) + 0).
-12
Calculate -7 + (-32 - (-7 - 7)) - -9.
-16
What is 56 + 0 + 6 + (13 - 36)?
39
What is (686 - 694) + 1 + 0 + 2?
-5
Evaluate 21 + -4 + 17 + -28.
6
-20 - (15 + -18) - -13
-4
(4 - 32) + 34 + -20
-14
Evaluate (-2085 - -2052) + (5 - (1 - 0)).
-29
Evaluate 0 - (3 - 3) - (-2 - 11).
13
Calculate -103 + 87 - -15 - (1 + -1 + 0).
-1
What is 27 + (23 - 59) + (-7 - -2)?
-14
What is -13 - -8 - (1 + 0 - (100 - 96))?
-2
Calculate -11 - (-26 - (-13 + 13)).
15
Evaluate (5 - (0 + -2)) + (29 - 23).
13
What is (-3 - -1) + (-26 - (-10 + 8))?
-26
277 + -265 - (0 + 20)
-8
(-18 - 11 - -14) + 21
6
What is the value of 1 - 16 - (1685 + -1680)?
-20
Calculate (114 - 81) + (3 - 23).
13
-18 + (8 - 27) - -18
-19
What is (-22 - (20 - 33)) + (-13 - 0)?
-22
What is the value of (-9 - (-11 + -2)) + 1 + 3?
8
What is the value of -1 + -16 + 275 + -259?
-1
-12 - (-33 + 9) - (5 + (-1 - 0))
8
Evaluate -23 + 14 + 12 - -13.
16
What is the value of 5 + 6 + -4 - (2 - 19)?
24
What is 2 - -2 - (3 + 21 + (-7 - 3))?
-10
(-6049 - -6053) + (18 - (1 - (0 - -1)))
22
Calculate 4 + (-1 + -1 - 10) + 2 + 9.
3
What is the value of 2 + (-7 - (-1 + (-6 - -6)))?
-4
-29 - (34 + -110) - 27
20
What is the value of 0 - 8 - (-41 + 5 + 32)?
-4
What is the value of (-15 - (-6 + (5 - 1))) + (-6 - -5)?
-14
-15 - (19 - 1 - 49)
16
Calculate -26 + (-7 - (-5 - (6 + 3))).
-19
(-19 + 2 - -4) + 4 + -5 + 4
-10
What is the value of -1 + (29 - 15) + -41?
-28
Calculate (-31 - 4 - -34) + -20 + 0 + 0.
-21
Evaluate 23 - 28 - (-2 + -1 + 1 + 0).
-3
What is -21 + 1 - (-386 - -370)?
-4
Evaluate -2 + (36 + -30 - (-10 + 1)) - -3.
16
14 + 1 + (-1 - 12) + -7
-5
What is the value of -54 + (-11 - (-5 + -17)) - -13?
-30
Evaluate 6 - (-3 - -1) - 2 - (-196 + 192).
10
Evaluate (3 + -8 - -7) + -16 + 12.
-2
What is the value of 0 + 1 + (-19 - (-10 + -2))?
-6
Calculate -33 + 1 + 47 + 12.
27
What is 0 + -3 + -4 + (3 - 14)?
-18
Calculate -13 - ((-13 - 3) + 8 - 7).
2
What is the value of -441 + 405 - (-30 + 2)?
-8
What is the value of (17 - 14 - (2 - 0)) + -1 + -3?
-3
-10 + (-17 - -21) + (0 - 3)
-9
-27 - ((-17 - -19) + -17)
-12
Calculate -4 - ((-28 - 6) + 16).
14
(-7 - 3 - -5) + 6 - 3
-2
1 - (4 + 0 - (1 + -9))
-11
Calculate 15 + -44 + 16 - (-39 + -1).
27
Calculate (9 - 1) + (5 + -9 - 9) + 7.
2
Evaluate (10 - -1) + (-2 - -5 - 12).
2
Evaluate -3 + (-2 - -2) - (-18 - -16 - -7).
-8
Evaluate 10 + -1 + 1 - (-1164 + 1168).
6
0 - 20 - (13 - (-12 + 34)) - 8
-19
Evaluate -7 + 6 + -5 + 18 + 18.
30
What is the value of -1 - (0 + 4) - (2 - 10 - -10)?
-7
What is the value of -39 - (-8 + -18 + 4)?
-17
Evaluate 6 - (-4 + 5 - -2) - 2.
1
What is the value of (-9 - (-29 + 10)) + 1 + -1?
10
(-5 - 2) + (-7 - (-6 + 5 + -13))
0
What is 8 + 26 + -1 + -47?
-14
Calculate (25 - 8 - 39) + 13.
-9
Calculate (12 - 2) + (21 - 34).
-3
Evaluate (7 - (4 + (-12 - -5)) - 2) + 1.
9
What is 10 + -20 - ((-3 - -12) + -27)?
8
What is -8 + (0 - -21) + 6 + -6 + 9?
22
-8 + 2 + -6 + 3
-9
Evaluate (-8 - (5 + -3)) + -3 + -4 + 8.
-9
What is the value of 14 + (-17 + 10 - 3) - (0 - 2)?
6
Calculate 19 + (-8 + 5 + 5 - 8).
13
What is the value of (14 - 8 - (4 - 7)) + -2?
7
Calculate (-2 - -12) + (-1 - (-15 + 8)).
16
Evaluate (7 + -15 + 10 - 8) + 0 + 17.
11
15 + 1 + 38 + -44
10
(2 - 6) + -8 - 6
-18
Calculate -2 + 0 + 13 + (-32 - -29).
8
Evaluate 37 + (3 - 22) - (2 + -1 - 2).
19
What is the value of (0 - 1 - (19 + 1)) + -16818 + 16828?
-11
Evaluate (5 + -3 - -2) + (3 - (7 + -1)).
1
(81 - 70) + (3 - 7 - 8)
-1
Evaluate (4 - -2 - (-22 + 23)) + -2.
3
What is the value of -5 + -11 + (16 + -9 - -9)?
0
Calculate -18 - -17 - 10 - 